{"id":857,"date":"2025-05-31T00:58:37","date_gmt":"2025-05-31T00:58:37","guid":{"rendered":"https:\/\/cicei.cba.ucb.edu.bo\/?page_id=857"},"modified":"2025-08-03T01:34:11","modified_gmt":"2025-08-03T01:34:11","slug":"cicei-tc29","status":"publish","type":"page","link":"https:\/\/cicei.cba.ucb.edu.bo\/?page_id=857","title":{"rendered":"CICEI TC29"},"content":{"rendered":"<div class=\"fusion-fullwidth fullwidth-box fusion-builder-row-1 fusion-flex-container has-pattern-background has-mask-background nonhundred-percent-fullwidth non-hundred-percent-height-scrolling\" style=\"--awb-border-radius-top-left:0px;--awb-border-radius-top-right:0px;--awb-border-radius-bottom-right:0px;--awb-border-radius-bottom-left:0px;\" ><div class=\"fusion-builder-row fusion-row fusion-flex-align-items-flex-start\" style=\"max-width:1456px;margin-left: calc(-4% \/ 2 );margin-right: calc(-4% \/ 2 );\"><div class=\"fusion-layout-column fusion_builder_column fusion-builder-column-0 fusion_builder_column_1_1 1_1 fusion-flex-column\" style=\"--awb-bg-size:cover;--awb-width-large:100%;--awb-spacing-right-large:1.92%;--awb-spacing-left-large:1.92%;--awb-width-medium:100%;--awb-order-medium:0;--awb-spacing-right-medium:1.92%;--awb-spacing-left-medium:1.92%;--awb-width-small:100%;--awb-order-small:0;--awb-spacing-right-small:1.92%;--awb-spacing-left-small:1.92%;\"><div class=\"fusion-column-wrapper fusion-column-has-shadow fusion-flex-justify-content-flex-start fusion-content-layout-column\"><div class=\"fusion-text fusion-text-1\"><p style=\"text-align: center;\"><b style=\"font-size: 30px;\" data-fusion-font=\"true\">CICEI TC29<\/b><\/p>\n<p style=\"text-align: center;\"><b style=\"font-size: 30px;\" data-fusion-font=\"true\">Agua y vida en la Maica<\/b><\/p>\n<\/div><\/div><\/div><div class=\"fusion-layout-column fusion_builder_column fusion-builder-column-1 fusion_builder_column_1_2 1_2 fusion-flex-column\" style=\"--awb-bg-size:cover;--awb-width-large:50%;--awb-spacing-right-large:3.84%;--awb-spacing-left-large:3.84%;--awb-width-medium:50%;--awb-order-medium:0;--awb-spacing-right-medium:3.84%;--awb-spacing-left-medium:3.84%;--awb-width-small:100%;--awb-order-small:0;--awb-spacing-right-small:1.92%;--awb-spacing-left-small:1.92%;\"><div class=\"fusion-column-wrapper fusion-column-has-shadow fusion-flex-justify-content-flex-start fusion-content-layout-column\"><div class=\"fusion-text fusion-text-2\"><p style=\"text-align: justify;\">La zona de La Maica en Cochabamba es una zona periurbana agr\u00edcola de Cochabamba. El desarrollo ca\u00f3tico de la ciudad ha llevado a una contaminaci\u00f3n ambiental alarmante y una presi\u00f3n urbana m\u00e1s fuerte en los \u00faltimos a\u00f1os, y est\u00e1 exponiendo a la comunidad agr\u00edcola de La Maica a una vulnerabilidad socioecon\u00f3mica y ambiental creciente. El proyecto de desarrollo &#8220;Agua y Vida en La Maica trabaja con la comunidad de La Maica bas\u00e1ndose en 3 ejes fundamentales: &#8220;Entender&#8221; gracias a la investigaci\u00f3n, &#8220;Aprender&#8221; por intercambios de conocimiento y &#8220;Proponer&#8221; con la elaboraci\u00f3n de herramientas adaptadas a la realidad de la comunidad. El Proyecto Agua y Vida en La Maica es un puente entre el trabajo acad\u00e9mico del CICEI, la comunidad de la Maica, y la sociedad cochabambina en general. El proyecto elabora material de devoluci\u00f3n a la comunidad de la Maica y a la sociedad a partir de la informaci\u00f3n generada por las investigaciones que se realizan dentro del CICEI en esta zona. El proyecto trabaja temas educativos en la zona conectando el trabajo acad\u00e9mico con las necesidades de la comunidad. Finalmente, el proyecto establece estrategias para la transferencia de conocimiento y de tecnolog\u00eda con la comunidad. El proyecto pretende apoyar a la comunidad en el desarrollo de una mayor resiliencia frente a las presiones socioecon\u00f3micas y ambientales que amenazan el futuro de esta zona at\u00edpica de la ciudad de Cochabamba.<\/p>\n<\/div><\/div><\/div><div class=\"fusion-layout-column fusion_builder_column fusion-builder-column-2 fusion_builder_column_1_2 1_2 fusion-flex-column\" style=\"--awb-bg-size:cover;--awb-width-large:50%;--awb-spacing-right-large:3.84%;--awb-spacing-left-large:3.84%;--awb-width-medium:50%;--awb-order-medium:0;--awb-spacing-right-medium:3.84%;--awb-spacing-left-medium:3.84%;--awb-width-small:100%;--awb-order-small:0;--awb-spacing-right-small:1.92%;--awb-spacing-left-small:1.92%;\"><div class=\"fusion-column-wrapper fusion-column-has-shadow fusion-flex-justify-content-flex-start fusion-content-layout-column\"><div class=\"fusion-image-element \"><span class=\" fusion-imageframe imageframe-none imageframe-1 hover-type-none\"><img decoding=\"async\" width=\"1024\" height=\"576\" title=\"CICEI-TC29-ajustado\" src=\"data:image\/svg+xml,%3Csvg%20xmlns%3D%27http%3A%2F%2Fwww.w3.org%2F2000%2Fsvg%27%20width%3D%271024%27%20height%3D%27576%27%20viewBox%3D%270%200%201024%20576%27%3E%3Crect%20width%3D%271024%27%20height%3D%27576%27%20fill-opacity%3D%220%22%2F%3E%3C%2Fsvg%3E\" data-orig-src=\"https:\/\/cicei.cba.ucb.edu.bo\/wp-content\/uploads\/2025\/07\/CICEI-TC29-ajustado.jpg\" alt class=\"lazyload img-responsive wp-image-1174\"\/><\/span><\/div><div class=\"fusion-text fusion-text-3\"><p>&nbsp;<\/p>\n<p><b>Participantes:<\/b><br \/>\n<span style=\"letter-spacing: 0.24px; background-color: rgba(0, 0, 0, 0);\">Paul d&#8217;Abzac, Wanderley Ferreira, Liliana C\u00e1ceres, estudiantes<br \/>\n<\/span><span style=\"letter-spacing: 0.24px; background-color: rgba(0, 0, 0, 0);\"><b>Inicio<\/b> 2016<br \/>\n<\/span><span style=\"letter-spacing: 0.24px; background-color: rgba(0, 0, 0, 0);\"><b>Cierre<\/b> 2027<br \/>\n<\/span><span style=\"letter-spacing: 0.24px; background-color: rgba(0, 0, 0, 0);\">Fondos CICEI (UCB) \u2013 Proyecto CReA SP2<\/p>\n<p><\/span><\/p>\n<\/div><div class=\"fusion-progressbar fusion-progressbar-text-on-bar\" style=\"--awb-text-align:right;--awb-filledcolor:#2b5e62;--awb-filledbordersize:6px;\"><div class=\"fusion-progressbar-bar progress-bar progress-striped active\"><div class=\"progress progress-bar-content\" style=\"width:0%;\" role=\"progressbar\" aria-labelledby=\"awb-progressbar-label-1\" aria-valuemin=\"0\" aria-valuemax=\"100\" aria-valuenow=\"100\"><\/div><\/div> <span class=\"progress-title\" style=\"right: calc(15px + 0%);\"><span class=\"fusion-progressbar-text\" id=\"awb-progressbar-label-1\">100% <\/span> <\/span><\/div><\/div><\/div><\/div><\/div>\n","protected":false},"excerpt":{"rendered":"","protected":false},"author":4,"featured_media":0,"parent":0,"menu_order":0,"comment_status":"closed","ping_status":"closed","template":"100-width.php","meta":{"_acf_changed":false,"footnotes":""},"class_list":["post-857","page","type-page","status-publish","hentry"],"acf":[],"rttpg_featured_image_url":null,"rttpg_author":{"display_name":"Susan C\u00e9spedes","author_link":"https:\/\/cicei.cba.ucb.edu.bo\/?author=4"},"rttpg_comment":0,"rttpg_category":null,"rttpg_excerpt":null,"_links":{"self":[{"href":"https:\/\/cicei.cba.ucb.edu.bo\/index.php?rest_route=\/wp\/v2\/pages\/857","targetHints":{"allow":["GET"]}}],"collection":[{"href":"https:\/\/cicei.cba.ucb.edu.bo\/index.php?rest_route=\/wp\/v2\/pages"}],"about":[{"href":"https:\/\/cicei.cba.ucb.edu.bo\/index.php?rest_route=\/wp\/v2\/types\/page"}],"author":[{"embeddable":true,"href":"https:\/\/cicei.cba.ucb.edu.bo\/index.php?rest_route=\/wp\/v2\/users\/4"}],"replies":[{"embeddable":true,"href":"https:\/\/cicei.cba.ucb.edu.bo\/index.php?rest_route=%2Fwp%2Fv2%2Fcomments&post=857"}],"version-history":[{"count":6,"href":"https:\/\/cicei.cba.ucb.edu.bo\/index.php?rest_route=\/wp\/v2\/pages\/857\/revisions"}],"predecessor-version":[{"id":1500,"href":"https:\/\/cicei.cba.ucb.edu.bo\/index.php?rest_route=\/wp\/v2\/pages\/857\/revisions\/1500"}],"wp:attachment":[{"href":"https:\/\/cicei.cba.ucb.edu.bo\/index.php?rest_route=%2Fwp%2Fv2%2Fmedia&parent=857"}],"curies":[{"name":"wp","href":"https:\/\/api.w.org\/{rel}","templated":true}]}}